{"id":10083,"date":"2025-12-08T11:14:38","date_gmt":"2025-12-08T10:14:38","guid":{"rendered":"https:\/\/sk\u00f6nam\u00f6bler.se\/?product=hemse-med-6-smogen-stolar"},"modified":"2025-12-08T11:14:40","modified_gmt":"2025-12-08T10:14:40","slug":"hemse-med-6-smogen-stolar","status":"publish","type":"product","link":"https:\/\/sk\u00f6nam\u00f6bler.se\/?product=hemse-med-6-smogen-stolar","title":{"rendered":"Hemse med 6 Sm\u00f6gen Stolar"},"content":{"rendered":"<p>M\u00e5tt:\u00a0140\/180x140x75 cm<\/p>\n<p>Material:\u00a0Massiv r\u00f6koljad ek<\/p>\n<p>Matgrupp<\/p>\n","protected":false},"excerpt":{"rendered":"<p>En rustik matgrupp, runt eller ovalt med il\u00e4ggsskivor \u00e4r ett perfekt val om du letar efter ett m\u00e5ngsidigt och praktiskt bord till ditt hem. Den medf\u00f6ljande il\u00e4ggsivan f\u00f6rvaras praktiskt under skivan n\u00e4r den inte anv\u00e4nds.<\/p>\n","protected":false},"featured_media":9398,"template":"","meta":{"_acf_changed":false,"pgc_sgb_lightbox_settings":""},"product_brand":[],"product_cat":[61],"product_tag":[],"class_list":{"0":"post-10083","1":"product","2":"type-product","3":"status-publish","4":"has-post-thumbnail","6":"product_cat-matgrupp","7":"product_shipping_class-dropshipping","8":"pa_antalet-paket-1950","9":"pa_material-massiv-rokoljad-ek","10":"pa_matt-140-180x140x75-cm","11":"pa_modell-hemse-med-6-smogen-stolar","13":"first","14":"instock","15":"purchasable","16":"product-type-simple"},"acf":[],"_links":{"self":[{"href":"https:\/\/sk\u00f6nam\u00f6bler.se\/index.php?rest_route=\/wp\/v2\/product\/10083","targetHints":{"allow":["GET"]}}],"collection":[{"href":"https:\/\/sk\u00f6nam\u00f6bler.se\/index.php?rest_route=\/wp\/v2\/product"}],"about":[{"href":"https:\/\/sk\u00f6nam\u00f6bler.se\/index.php?rest_route=\/wp\/v2\/types\/product"}],"wp:featuredmedia":[{"embeddable":true,"href":"https:\/\/sk\u00f6nam\u00f6bler.se\/index.php?rest_route=\/wp\/v2\/media\/9398"}],"wp:attachment":[{"href":"https:\/\/sk\u00f6nam\u00f6bler.se\/index.php?rest_route=%2Fwp%2Fv2%2Fmedia&parent=10083"}],"wp:term":[{"taxonomy":"product_brand","embeddable":true,"href":"https:\/\/sk\u00f6nam\u00f6bler.se\/index.php?rest_route=%2Fwp%2Fv2%2Fproduct_brand&post=10083"},{"taxonomy":"product_cat","embeddable":true,"href":"https:\/\/sk\u00f6nam\u00f6bler.se\/index.php?rest_route=%2Fwp%2Fv2%2Fproduct_cat&post=10083"},{"taxonomy":"product_tag","embeddable":true,"href":"https:\/\/sk\u00f6nam\u00f6bler.se\/index.php?rest_route=%2Fwp%2Fv2%2Fproduct_tag&post=10083"}],"curies":[{"name":"wp","href":"https:\/\/api.w.org\/{rel}","templated":true}]}}