{"id":7926,"date":"2025-12-09T19:15:01","date_gmt":"2025-12-09T18:15:01","guid":{"rendered":"https:\/\/sk\u00f6nam\u00f6bler.se\/?product=bengt-reclinersoffa-3-sits-tyg-el"},"modified":"2025-12-09T19:15:03","modified_gmt":"2025-12-09T18:15:03","slug":"bengt-reclinersoffa-3-sits-tyg-el","status":"publish","type":"product","link":"https:\/\/sk\u00f6nam\u00f6bler.se\/?product=bengt-reclinersoffa-3-sits-tyg-el","title":{"rendered":"BENGT"},"content":{"rendered":"<p>M\u00e5tt:\u00a0 205x97x102<\/p>\n<p>\u00d6vrigt:\u00a0sitth\u00f6jd 49,sittdjup 54,sittbredd 161 cm<\/p>\n<p>inkl str\u00f6mbrytare.100 % polyester.<\/p>\n<p>Notering:\u00a0H\u00f6jd upp till armst\u00f6d:59 cm<br \/>\nPlywood\/L\u00e4rktr\u00e4,pocket,Nozag i st\u00e5l,fiberfyllning,foam<br \/>\nPkt m\u00e5tt L204xB81xH65 cm<br \/>\n35 000 MD<\/p>\n","protected":false},"excerpt":{"rendered":"<p>BENGT Reclinersoffa 3 sits, tyg, el<\/p>\n","protected":false},"featured_media":7927,"template":"","meta":{"_acf_changed":false,"pgc_sgb_lightbox_settings":""},"product_brand":[],"product_cat":[37,55],"product_tag":[],"class_list":{"0":"post-7926","1":"product","2":"type-product","3":"status-publish","4":"has-post-thumbnail","6":"product_cat-soffor","7":"product_cat-varor","8":"product_shipping_class-butikshamtning","9":"pa_antalet-paket-1950","10":"pa_djup-274","11":"pa_hojd-231","12":"pa_langd-314","13":"pa_modell-bengt","14":"pa_monterad-eller-ej-mont","16":"first","17":"instock","18":"purchasable","19":"product-type-simple"},"acf":[],"_links":{"self":[{"href":"https:\/\/sk\u00f6nam\u00f6bler.se\/index.php?rest_route=\/wp\/v2\/product\/7926","targetHints":{"allow":["GET"]}}],"collection":[{"href":"https:\/\/sk\u00f6nam\u00f6bler.se\/index.php?rest_route=\/wp\/v2\/product"}],"about":[{"href":"https:\/\/sk\u00f6nam\u00f6bler.se\/index.php?rest_route=\/wp\/v2\/types\/product"}],"wp:featuredmedia":[{"embeddable":true,"href":"https:\/\/sk\u00f6nam\u00f6bler.se\/index.php?rest_route=\/wp\/v2\/media\/7927"}],"wp:attachment":[{"href":"https:\/\/sk\u00f6nam\u00f6bler.se\/index.php?rest_route=%2Fwp%2Fv2%2Fmedia&parent=7926"}],"wp:term":[{"taxonomy":"product_brand","embeddable":true,"href":"https:\/\/sk\u00f6nam\u00f6bler.se\/index.php?rest_route=%2Fwp%2Fv2%2Fproduct_brand&post=7926"},{"taxonomy":"product_cat","embeddable":true,"href":"https:\/\/sk\u00f6nam\u00f6bler.se\/index.php?rest_route=%2Fwp%2Fv2%2Fproduct_cat&post=7926"},{"taxonomy":"product_tag","embeddable":true,"href":"https:\/\/sk\u00f6nam\u00f6bler.se\/index.php?rest_route=%2Fwp%2Fv2%2Fproduct_tag&post=7926"}],"curies":[{"name":"wp","href":"https:\/\/api.w.org\/{rel}","templated":true}]}}