{"id":9568,"date":"2025-12-09T19:49:29","date_gmt":"2025-12-09T18:49:29","guid":{"rendered":"https:\/\/sk\u00f6nam\u00f6bler.se\/?product=solo"},"modified":"2025-12-09T19:49:47","modified_gmt":"2025-12-09T18:49:47","slug":"solo","status":"publish","type":"product","link":"https:\/\/sk\u00f6nam\u00f6bler.se\/?product=solo","title":{"rendered":"SOLO"},"content":{"rendered":"<p>M\u00e5tt:\u00a088x168x77<\/p>\n<p>\u00d6vrigt:\u00a0chenille tyg,100 000 md.<\/p>\n<p>Notering:\u00a0100 % polyester<br \/>\nTr\u00e4stomme, Nozag fj\u00e4der, pocket, Pirelli band, foam, fiberfyllning, tr\u00e4fot.<br \/>\nRyggh\u00f6jd:53 cm<\/p>\n","protected":false},"excerpt":{"rendered":"<p>SOLO Sch\u00e4slong , tyg mink<\/p>\n","protected":false},"featured_media":7969,"template":"","meta":{"_acf_changed":false,"pgc_sgb_lightbox_settings":""},"product_brand":[],"product_cat":[37,55],"product_tag":[],"class_list":{"0":"post-9568","1":"product","2":"type-product","3":"status-publish","4":"has-post-thumbnail","6":"product_cat-soffor","7":"product_cat-varor","8":"product_shipping_class-butikshamtning","9":"pa_antalet-paket-1950","10":"pa_djup-1589","11":"pa_hojd-1462","12":"pa_info-chenille-tyg100-000-md","13":"pa_langd-140-180","14":"pa_modell-solo","15":"pa_monterad-eller-ej-mont","17":"first","18":"instock","19":"purchasable","20":"product-type-simple"},"acf":[],"_links":{"self":[{"href":"https:\/\/sk\u00f6nam\u00f6bler.se\/index.php?rest_route=\/wp\/v2\/product\/9568","targetHints":{"allow":["GET"]}}],"collection":[{"href":"https:\/\/sk\u00f6nam\u00f6bler.se\/index.php?rest_route=\/wp\/v2\/product"}],"about":[{"href":"https:\/\/sk\u00f6nam\u00f6bler.se\/index.php?rest_route=\/wp\/v2\/types\/product"}],"wp:featuredmedia":[{"embeddable":true,"href":"https:\/\/sk\u00f6nam\u00f6bler.se\/index.php?rest_route=\/wp\/v2\/media\/7969"}],"wp:attachment":[{"href":"https:\/\/sk\u00f6nam\u00f6bler.se\/index.php?rest_route=%2Fwp%2Fv2%2Fmedia&parent=9568"}],"wp:term":[{"taxonomy":"product_brand","embeddable":true,"href":"https:\/\/sk\u00f6nam\u00f6bler.se\/index.php?rest_route=%2Fwp%2Fv2%2Fproduct_brand&post=9568"},{"taxonomy":"product_cat","embeddable":true,"href":"https:\/\/sk\u00f6nam\u00f6bler.se\/index.php?rest_route=%2Fwp%2Fv2%2Fproduct_cat&post=9568"},{"taxonomy":"product_tag","embeddable":true,"href":"https:\/\/sk\u00f6nam\u00f6bler.se\/index.php?rest_route=%2Fwp%2Fv2%2Fproduct_tag&post=9568"}],"curies":[{"name":"wp","href":"https:\/\/api.w.org\/{rel}","templated":true}]}}