{"id":9726,"date":"2025-12-09T10:13:57","date_gmt":"2025-12-09T09:13:57","guid":{"rendered":"https:\/\/sk\u00f6nam\u00f6bler.se\/?product=johan-3"},"modified":"2025-12-09T10:14:18","modified_gmt":"2025-12-09T09:14:18","slug":"johan-3","status":"publish","type":"product","link":"https:\/\/sk\u00f6nam\u00f6bler.se\/?product=johan-3","title":{"rendered":"JOHAN"},"content":{"rendered":"<p>Bredd 82<\/p>\n<p>Djup\u00a092<\/p>\n<p>H\u00f6jd\u00a0104<\/p>\n<p>\u00d6vrigt tyg. sittbredd 51 cm<\/p>\n<p>sitth\u00f6jd 50,sittdjup 52, armst\u00f6d h\u00f6jd 61<\/p>\n<p>Info 35 000 MD\/100 % polyester<br \/>\nOkin internal mechanism<br \/>\n  Okin electric motors<br \/>\n  D28 density foam and 1.8mm pocket coil seating<br \/>\n  High endurance fabric covering<br \/>\n  Fibre filled backing cushion<br \/>\nRyggh\u00f6jd 60 cm<\/p>\n","protected":false},"excerpt":{"rendered":"<p>JOHAN reclinerf\u00e5t\u00f6lj, el, brun<\/p>\n","protected":false},"featured_media":7883,"template":"","meta":{"_acf_changed":false,"pgc_sgb_lightbox_settings":""},"product_brand":[],"product_cat":[57,55],"product_tag":[],"class_list":{"0":"post-9726","1":"product","2":"type-product","3":"status-publish","4":"has-post-thumbnail","6":"product_cat-fatoljer","7":"product_cat-varor","8":"product_shipping_class-butikshamtning","9":"pa_antale-paket-2746","10":"pa_bredd-82","11":"pa_djup-1237","12":"pa_hojd-219","13":"pa_material-35-000-md-100-polyester-okin-internal-mechanism-okin-electric-motors-d28-density-foam-and-1-8mm-pocket-coil-seating-high-endurance-fabric-covering-fibre-filled-backing-cushion-rygghojd-60","14":"pa_modell-johan","15":"pa_monterad-eller-ej-mont","16":"pa_ovrigt-tyg-sittbredd-51-cm","18":"first","19":"instock","20":"purchasable","21":"product-type-simple"},"acf":[],"_links":{"self":[{"href":"https:\/\/sk\u00f6nam\u00f6bler.se\/index.php?rest_route=\/wp\/v2\/product\/9726","targetHints":{"allow":["GET"]}}],"collection":[{"href":"https:\/\/sk\u00f6nam\u00f6bler.se\/index.php?rest_route=\/wp\/v2\/product"}],"about":[{"href":"https:\/\/sk\u00f6nam\u00f6bler.se\/index.php?rest_route=\/wp\/v2\/types\/product"}],"wp:featuredmedia":[{"embeddable":true,"href":"https:\/\/sk\u00f6nam\u00f6bler.se\/index.php?rest_route=\/wp\/v2\/media\/7883"}],"wp:attachment":[{"href":"https:\/\/sk\u00f6nam\u00f6bler.se\/index.php?rest_route=%2Fwp%2Fv2%2Fmedia&parent=9726"}],"wp:term":[{"taxonomy":"product_brand","embeddable":true,"href":"https:\/\/sk\u00f6nam\u00f6bler.se\/index.php?rest_route=%2Fwp%2Fv2%2Fproduct_brand&post=9726"},{"taxonomy":"product_cat","embeddable":true,"href":"https:\/\/sk\u00f6nam\u00f6bler.se\/index.php?rest_route=%2Fwp%2Fv2%2Fproduct_cat&post=9726"},{"taxonomy":"product_tag","embeddable":true,"href":"https:\/\/sk\u00f6nam\u00f6bler.se\/index.php?rest_route=%2Fwp%2Fv2%2Fproduct_tag&post=9726"}],"curies":[{"name":"wp","href":"https:\/\/api.w.org\/{rel}","templated":true}]}}