{"id":9727,"date":"2025-12-09T10:13:57","date_gmt":"2025-12-09T09:13:57","guid":{"rendered":"https:\/\/sk\u00f6nam\u00f6bler.se\/?product=maja"},"modified":"2025-12-09T10:14:19","modified_gmt":"2025-12-09T09:14:19","slug":"maja","status":"publish","type":"product","link":"https:\/\/sk\u00f6nam\u00f6bler.se\/?product=maja","title":{"rendered":"MAJA"},"content":{"rendered":"<p>Bredd 105<\/p>\n<p>Djup\u00a097<\/p>\n<p>H\u00f6jd\u00a074<\/p>\n<p>\u00d6vrigt sitth\u00f6jd:44\/sittdjup:60\/sittbredd:46 cm<\/p>\n<p>100 % polyester.35 000 md<\/p>\n<p>Info pocket spring\/sinuous spring\/webbing\/fibre fill\/foam<br \/>\nH\u00f6jd fr\u00e5n golv upp till armst\u00f6d: 61 cm<\/p>\n","protected":false},"excerpt":{"rendered":"<p>MAJA F\u00e5t\u00f6lj, tyg beige<\/p>\n","protected":false},"featured_media":7888,"template":"","meta":{"_acf_changed":false,"pgc_sgb_lightbox_settings":""},"product_brand":[],"product_cat":[57,55],"product_tag":[],"class_list":{"0":"post-9727","1":"product","2":"type-product","3":"status-publish","4":"has-post-thumbnail","6":"product_cat-fatoljer","7":"product_cat-varor","8":"product_shipping_class-butikshamtning","9":"pa_antale-paket-2746","10":"pa_bredd-364","11":"pa_djup-274","12":"pa_hojd-74","13":"pa_material-pocket-spring-sinuous-spring-webbing-fibre-fill-foam-hojd-fran-golv-upp-till-armstod-61-cm","14":"pa_modell-maja","15":"pa_monterad-eller-ej-mont","16":"pa_ovrigt-sitthojd44-sittdjup60-sittbredd46-cm","18":"first","19":"instock","20":"purchasable","21":"product-type-simple"},"acf":[],"_links":{"self":[{"href":"https:\/\/sk\u00f6nam\u00f6bler.se\/index.php?rest_route=\/wp\/v2\/product\/9727","targetHints":{"allow":["GET"]}}],"collection":[{"href":"https:\/\/sk\u00f6nam\u00f6bler.se\/index.php?rest_route=\/wp\/v2\/product"}],"about":[{"href":"https:\/\/sk\u00f6nam\u00f6bler.se\/index.php?rest_route=\/wp\/v2\/types\/product"}],"wp:featuredmedia":[{"embeddable":true,"href":"https:\/\/sk\u00f6nam\u00f6bler.se\/index.php?rest_route=\/wp\/v2\/media\/7888"}],"wp:attachment":[{"href":"https:\/\/sk\u00f6nam\u00f6bler.se\/index.php?rest_route=%2Fwp%2Fv2%2Fmedia&parent=9727"}],"wp:term":[{"taxonomy":"product_brand","embeddable":true,"href":"https:\/\/sk\u00f6nam\u00f6bler.se\/index.php?rest_route=%2Fwp%2Fv2%2Fproduct_brand&post=9727"},{"taxonomy":"product_cat","embeddable":true,"href":"https:\/\/sk\u00f6nam\u00f6bler.se\/index.php?rest_route=%2Fwp%2Fv2%2Fproduct_cat&post=9727"},{"taxonomy":"product_tag","embeddable":true,"href":"https:\/\/sk\u00f6nam\u00f6bler.se\/index.php?rest_route=%2Fwp%2Fv2%2Fproduct_tag&post=9727"}],"curies":[{"name":"wp","href":"https:\/\/api.w.org\/{rel}","templated":true}]}}